*d**2 - 85*d - 19. What is r(9)?
-55
Let y(v) = 15*v**2 - 49*v - 1. What is y(4)?
43
Let t(z) = -3*z**2 + 21*z - 68. Determine t(11).
-200
Let j(n) = -n**3 - 40*n**2 - 2*n - 79. Determine j(-40).
1
Let m(k) = 28*k**2 - 5*k + 10. Calculate m(2).
112
Let g(q) = 112*q**2 - 118*q - 117. Determine g(-1).
113
Let h(q) = -q**3 + 95*q**2 + 602*q + 45. What is h(101)?
-359
Let w(i) = 3642*i + 18231. Give w(-5).
21
Let v(n) = 374*n + 11972. What is v(-32)?
4
Let t(c) = c**2 - 28*c + 298. Give t(17).
111
Let d(m) = 14*m + 2. What is d(-2)?
-26
Let i(k) = k**3 + 16*k**2 + 166*k + 665. Calculate i(-6).
29
Let w(v) = 1020*v - 5106. What is w(5)?
-6
Let u(k) = 59*k**2 + 18405*k - 948. Calculate u(-312).
-12
Let h(y) = -3*y**2 + 203*y + 99. Determine h(69).
-177
Let c(b) = 9226*b + 83035. Determine c(-9).
1
Let h(b) = 2*b**2 + 35*b + 302. Calculate h(-8).
150
Let f(t) = 2*t**2 + 103*t + 300. Calculate f(-48).
-36
Let m(v) = 29*v**2 + 55*v + 18. Give m(-2).
24
Let h(u) = -6*u**2 + 92*u - 18. Give h(15).
12
Let s(i) = 101*i - 25. Determine s(1).
76
Let f(w) = 88*w - 2893. What is f(32)?
-77
Let j(f) = -158*f - 281. Determine j(-1).
-123
Let x(p) = 18*p - 832. Determine x(45).
-22
Let j(b) = 689*b - 5519. Determine j(8).
-7
Let r(m) = -m**3 - 6*m**2 - 17*m + 11. Calculate r(-5).
71
Let x(o) = o**3 - 13*o**2 + 34*o - 38. Calculate x(10).
2
Let k(x) = x**2 - 33*x + 255. Calculate k(20).
-5
Let o(j) = -5*j - 152. Determine o(15).
-227
Let p(v) = 1477*v - 23628. Give p(16).
4
Let g(m) = 90*m + 107. Give g(-1).
17
Let j(w) = 94*w**3 - 571*w**2 + 40*w + 16. What is j(6)?
4
Let c(b) = b**2 - 68*b + 317. Calculate c(64).
61
Let t(j) = -j**3 - 10*j**2 + 27*j + 75. What is t(-12)?
39
Let j(x) = -2*x**2 + 494*x - 3343. Calculate j(7).
17
Let u(a) = a**3 + a**2 - 11*a - 10. Determine u(-3).
5
Let j(s) = s**2 + 992*s - 4974. Determine j(5).
11
Let k(r) = -4*r**2 - 23*r + 187. Calculate k(-10).
17
Let p(u) = -28*u**2 + 14. Determine p(3).
-238
Let x(q) = -3*q**3 - 61*q**2 - 23*q - 62. Determine x(-20).
-2
Let t(j) = -239*j**2 - 644*j + 225. Give t(-3).
6
Let v(h) = -3*h**2 - 4*h + 29. Give v(-7).
-90
Let m(z) = -15*z**3 + 8*z**2 - 11*z + 4. Give m(1).
-14
Let m(r) = -r**3 - 127*r**2 + 655*r - 657. What is m(-132)?
3
Let k(w) = -w**3 + 63*w**2 - 229*w - 371. Give k(59).
42
Let o(n) = 21*n**2 + 44*n + 5. Give o(-2).
1
Let s(y) = -144*y + 23. Calculate s(0).
23
Let o(v) = -v**3 + v**2 - 22*v + 74. What is o(3)?
-10
Let p(r) = r**3 - 6*r**2 - 31*r - 68. Determine p(11).
196
Let y(q) = -3*q**2 - 5*q - 49. Give y(-9).
-247
Let n(r) = -54*r + 550. Give n(10).
10
Let a(q) = q**3 - 36*q**2 - 84*q + 136. Determine a(38).
-168
Let j(y) = y**2 - 19*y - 275. Give j(28).
-23
Let s(m) = 7*m**3 + 3*m**2 + 79*m - 306. Determine s(4).
506
Let a(g) = -g**2 + 118*g + 3899. Determine a(-27).
-16
Let i(x) = -7*x**2 - 29*x + 20. Calculate i(-5).
-10
Let z(o) = 14*o + 143. Give z(-10).
3
Let n(y) = -44*y - 1819. Determine n(-39).
-103
Let v(i) = -2*i**3 + 3*i**2 - 9*i - 13. Give v(-4).
199
Let y(j) = 2*j**2 + 40*j - 453. Determine y(8).
-5
Let g(b) = -56*b + 11068. Calculate g(197).
36
Let i(x) = -x**3 + 23*x**2 - 37*x - 21. Calculate i(21).
84
Let x(a) = -a**2 - 114*a - 2398. Give x(-85).
67
Let z(h) = 23*h**3 - 4*h**2 + 6*h + 9. Determine z(-1).
-24
Let x(u) = 8*u**2 - 31*u - 115. Give x(-4).
137
Let g(p) = p**3 + 14*p**2 + 25*p + 35. What is g(-12)?
23
Let o(s) = s**2 - 8*s - 49. What is o(18)?
131
Let w(r) = r**3 + 12*r**2 + 11*r - 11. Give w(-7).
157
Let r(a) = -a**3 - 25*a**2 + 7*a + 1230. Give r(-23).
11
Let o(q) = -16*q**2 + 223*q + 5. Determine o(14).
-9
Let j(s) = s**3 - 19*s**2 + 102*s - 325. Calculate j(13).
-13
Let k(o) = -24*o**3 + 2*o**2 + 7*o - 18. What is k(3)?
-627
Let r(q) = 26*q - 563. Determine r(19).
-69
Let z(n) = 38*n**2 + 2707*n + 3282. What is z(-70)?
-8
Let u(a) = -141*a - 379. Give u(-4).
185
Let t(p) = p**3 + 3*p**2 - 12*p - 13. Give t(-7).
-125
Let y(c) = 490*c + 63207. Calculate y(-129).
-3
Let j(s) = 171*s + 6992. Determine j(-41).
-19
Let p(q) = 2*q**2 - 132*q - 893. What is p(72)?
-29
Let u(w) = w**3 + 17*w**2 - 20*w - 25. What is u(-18)?
11
Let x(m) = -23*m**2 - 93*m + 36. Give x(-5).
-74
Let n(t) = -t**3 + 16*t**2 - 44*t + 65. Give n(13).
0
Let a(t) = -7*t**2 - 370*t + 48. Calculate a(-53).
-5
Let j(w) = -35*w - 1609. What is j(-44)?
-69
Let s(w) = -310*w + 1549. Calculate s(5).
-1
Let f(n) = -n**2 - 778*n + 44055. Calculate f(53).
12
Let y(x) = 295*x**2 + 5312*x + 30. What is y(-18)?
-6
Let i(z) = -z**3 - 8*z**2 - 193*z - 1303. Calculate i(-7).
-1
Let l(q) = -118*q + 3181. Give l(27).
-5
Let p(f) = -5*f**3 - 50*f**2 + 56*f + 20. Give p(-11).
9
Let r(p) = -3*p**3 + 124*p**2 - 376*p - 173. Calculate r(38).
-21
Let z(h) = 6*h**2 + 94*h - 23. Determine z(-16).
9
Let r(x) = 4*x**2 + 26*x - 194. Calculate r(-11).
4
Let j(v) = -132*v**2 + 2247*v - 24. Determine j(17).
27
Let a(m) = m**3 - 12*m**2 + 6*m - 67. Give a(12).
5
Let k(q) = q**3 + 40*q**2 + 2*q + 42. Calculate k(-40).
-38
Let j(m) = -m**2 + 195*m + 2479. Determine j(-12).
-5
Let i(p) = 2*p**2 + 79*p - 253. Give i(-43).
48
Let m(v) = -v**3 + 9*v**2 - 12*v + 37. Calculate m(8).
5
Let o(a) = -a**3 + 5*a**2 + 51*a - 101. Determine o(9).
34
Let v(t) = -t**3 + 11*t**2 - 55*t + 162. What is v(6)?
12
Let l(p) = -35*p - 1319. Calculate l(-38).
11
Let o(p) = 113*p + 893. Give o(-8).
-11
Let w(c) = 12*c**2 - 106*c - 12. Determine w(8).
-92
Let c(r) = -3164*r + 9490. What is c(3)?
-2
Let f(c) = -78*c**3 - 3*c**2 - 5*c - 3. Determine f(-1).
77
Let d(i) = 4*i**2 + 65*i + 44. Give d(0).
44
Let y(p) = 4*p**3 - 147*p**2 - 45*p + 329. Calculate y(37).
33
Let x(p) = p**2 + 6*p - 1067. Determine x(-36).
13
Let c(j) = 6039*j - 24122. Determine c(4).
34
Let k(b) = 8*b**3 + 10*b**2 - 6. Determine k(-3).
-132
Let h(x) = -x**3 - 7*x**2 + 5*x + 40. What is h(-7)?
5
Let r(i) = -i**3 - 57*i**2 + 3*i + 173. What is r(-57)?
2
Let n(o) = -1234*o - 12312. Calculate n(-10).
28
Let b(a) = 2309*a + 16. What is b(0)?
16
Let f(r) = -r**3 - 25*r**2 - 133*r - 349. What is f(-19)?
12
Let k(s) = -5976*s - 6. What is k(0)?
-6
Let r(y) = 3*y**2 + 116*y + 589. Calculate r(-6).
1
Let s(c) = -159*c - 8912. Calculate s(-57).
151
Let h(q) = -8*q**3 - 4*q**2 + q - 10. What is h(-3)?
167
Let d(y) = 16*y - 54. Determine d(6).
42
Let y(i) = 4*i**3 + 153*i**2 + 31*i - 62. Calculate y(-38).
204
Let m(k) = k**3 - 56*k**2 - 55*k - 74. Give m(57).
40
Let f(l) = -l**2 - 5*l + 4153. Give f(62).
-1
Let c(j) = j**3 + 3*j**2 - 6*j + 2. Give c(1).
0
Let y(i) = 16*i**2 - 13*i + 4. What is y(2)?
42
Let g(d) = 84*d - 4724. Calculate g(54).
-188
Let r(x) = -232*x**2 + 6*x + 7. Determine r(-1).
-231
Let x(w) = -w**2 + 25*w + 47. Calculate x(29).
-69
Let q(x) = 7*x - 368. What is q(44)?
-60
Let b(p) = -p**2 - 83*p - 1065. Give b(-68).
-45
Let o(p) = p**3 - 32*p**2 + 156*p + 6. Determine o(6).
6
Let a(q) = -q**3 + 26*q**2 - 15*q - 223. Determine a(25).
27
Let r(x) = 4*x**3 + 84*x**2 - 2*x - 49. Calculate r(-21).
-7
Let t(q) = q**2 + 161*q - 53295. What is t(164)?
5
Let g(z) = -z**3 + 12*z**2 + 8*z + 169. What is g(12)?
265
Let j(k) = -2*k**2 - 42*k - 9. Calculate j(0).
-9
Let s(d) = d**3 + 8*d**2 + 16*d + 12. What is s(-9)?
-213
Let u(v) = -v**2 + 12*v + 747. Give u(33).
54
Let t(k) = 32*k - 1365. Give t(44).
43
Let y(v) = 269*v - 13990. Determine y(52).
-2
Let q(j) = 66*j - 106. Determine q(-2).
-238
Let y(k) = -158*k + 19076. What is y(121)?
-42
Let y(b) = 44*b + 613. Calculate y(-13).
41
Let f(a) = -447*a - 3127. Determine f(-7).
2
Let x(u) = 108*u + 403. What is x(-3)?
79
Let j(s) = s**3 + 51*s**2 - 99*s + 372. What is j(-53)?
1
Let j(p) = -24*p - 884. What is j(-37)?
4
Let g(t) = -2*t**3 + 21*t + 2. Determine g(-4).
46
Let m(x) = -7*x**2 - 40*x - 62. What is m(-3)?
-5
Let y(o) = -o**3 - 3*o + 204. Give y(0).
204
Let v(d) = -331*d + 590. Calculate v(2).
-72
Let t(l) = -l**3 + 149*l**2 - 148*l + 16. Calculate t(148).
16
Let d(j) = 2*j**3 - 115*j**2 + 57*j + 51. What is d(57)?
51
Let l(s) = -20*s - 25. What is l(-18)?
335
Let c(r) = -49*r + 733. What is c(15)?
-2
Let v(m) = -1188*m + 7110. Calculate v(6).
-18
Let k(c) = -c**3 - 12*c**2 + 20*c + 88. Determine k(-13).
-3
Let y(v) = -124*v**2 - 1111*v + 28. Give y(-9).
-17
Let g(z) = -2*z**2 - 12*z - 31. What is g(-12)?
-175
